 the remainder when 338 is divided by 214?
124
Calculate the remainder when 46 is divided by 30.
16
Calculate the remainder when 79 is divided by 68.
11
What is the remainder when 52 is divided by 8?
4
What is the remainder when 439 is divided by 148?
143
What is the remainder when 96 is divided by 15?
6
What is the remainder when 334 is divided by 85?
79
Calculate the remainder when 262 is divided by 45.
37
What is the remainder when 222 is divided by 116?
106
What is the remainder when 1481 is divided by 1463?
18
Calculate the remainder when 324 is divided by 97.
33
Calculate the remainder when 1270 is divided by 98.
94
Calculate the remainder when 31392 is divided by 161.
158
What is the remainder when 907 is divided by 13?
10
Calculate the remainder when 59 is divided by 19.
2
Calculate the remainder when 361 is divided by 27.
10
What is the remainder when 1177 is divided by 202?
167
What is the remainder when 330 is divided by 79?
14
Calculate the remainder when 128 is divided by 68.
60
Calculate the remainder when 3380 is divided by 36.
32
What is the remainder when 8232 is divided by 107?
100
Calculate the remainder when 1354 is divided by 34.
28
Calculate the remainder when 536 is divided by 58.
14
Calculate the remainder when 2783 is divided by 18.
11
What is the remainder when 4186 is divided by 2085?
16
What is the remainder when 264 is divided by 5?
4
Calculate the remainder when 166 is divided by 4.
2
Calculate the remainder when 228 is divided by 13.
7
What is the remainder when 305 is divided by 24?
17
What is the remainder when 67 is divided by 11?
1
What is the remainder when 151 is divided by 80?
71
Calculate the remainder when 2217 is divided by 16.
9
Calculate the remainder when 112 is divided by 21.
7
What is the remainder when 390 is divided by 19?
10
What is the remainder when 60 is divided by 28?
4
Calculate the remainder when 84 is divided by 32.
20
What is the remainder when 18 is divided by 5?
3
What is the remainder when 971 is divided by 476?
19
Calculate the remainder when 59 is divided by 40.
19
Calculate the remainder when 1304 is divided by 19.
12
Calculate the remainder when 324 is divided by 25.
24
What is the remainder when 1828 is divided by 83?
2
What is the remainder when 239 is divided by 48?
47
What is the remainder when 774 is divided by 12?
6
What is the remainder when 62 is divided by 14?
6
What is the remainder when 280 is divided by 32?
24
What is the remainder when 48 is divided by 17?
14
Calculate the remainder when 82 is divided by 41.
0
What is the remainder when 495 is divided by 35?
5
Calculate the remainder when 987 is divided by 124.
119
What is the remainder when 175 is divided by 149?
26
Calculate the remainder when 465 is divided by 6.
3
Calculate the remainder when 2209 is divided by 28.
25
Calculate the remainder when 141 is divided by 16.
13
What is the remainder when 955 is divided by 50?
5
What is the remainder when 185 is divided by 86?
13
What is the remainder when 662 is divided by 51?
50
What is the remainder when 782 is divided by 56?
54
Calculate the remainder when 94 is divided by 53.
41
What is the remainder when 2868 is divided by 170?
148
What is the remainder when 666 is divided by 257?
152
What is the remainder when 310 is divided by 13?
11
What is the remainder when 64 is divided by 40?
24
What is the remainder when 420 is divided by 410?
10
Calculate the remainder when 252 is divided by 30.
12
What is the remainder when 413 is divided by 94?
37
Calculate the remainder when 615 is divided by 55.
10
Calculate the remainder when 1793 is divided by 4.
1
Calculate the remainder when 124 is divided by 20.
4
What is the remainder when 2879 is divided by 32?
31
Calculate the remainder when 51 is divided by 4.
3
What is the remainder when 1149 is divided by 16?
13
Calculate the remainder when 3874 is divided by 31.
30
Calculate the remainder when 197 is divided by 9.
8
What is the remainder when 55 is divided by 4?
3
What is the remainder when 238 is divided by 93?
52
Calculate the remainder when 2031 is divided by 11.
7
Calculate the remainder when 186 is divided by 57.
15
Calculate the remainder when 195 is divided by 50.
45
What is the remainder when 16204 is divided by 111?
109
What is the remainder when 1228 is divided by 210?
178
What is the remainder when 300 is divided by 59?
5
What is the remainder when 482 is divided by 159?
5
What is the remainder when 440 is divided by 111?
107
What is the remainder when 12030 is divided by 2004?
6
Calculate the remainder when 1127 is divided by 66.
5
What is the remainder when 390 is divided by 110?
60
What is the remainder when 582 is divided by 280?
22
What is the remainder when 1772 is divided by 21?
8
What is the remainder when 73 is divided by 13?
8
Calculate the remainder when 2454 is divided by 77.
67
Calculate the remainder when 299 is divided by 14.
5
Calculate the remainder when 4184 is divided by 1392.
8
What is the remainder when 301 is divided by 119?
63
What is the remainder when 2967 is divided by 53?
52
Calculate the remainder when 198 is divided by 37.
13
What is the remainder when 1320 is divided by 328?
8
Calculate the remainder when 537 is divided by 174.
15
Calculate the remainder when 5947 is divided by 85.
82
What is the remainder when 47 is divided by 13?
8
Calculate the remainder when 218 is divided by 34.
14
What is the remainder when 18 is divided by 10?
8
Calculate the remainder when 73 is divided by 5.
3
What is the remainder when 841 is divided by 85?
76
What is the remainder when 45 is divided by 10?
5
Calculate the remainder when 3075 is divided by 65.
20
What is the remainder when 95 is divided by 24?
23
Calculate the remainder when 122 is divided by 41.
40
What is the remainder when 798 is divided by 152?
38
What is the remainder when 45 is divided by 24?
21
What is the remainder when 83 is divided by 45?
38
Calculate the remainder when 2890 is divided by 12.
10
What is the remainder when 718 is divided by 40?
38
Calculate the remainder when 10745 is divided by 50.
45
Calculate the remainder when 65 is divided by 5.
0
Calculate the remainder when 2 is divided by 1.
0
Calculate the remainder when 5374 is divided by 96.
94
Calculate the remainder when 423 is divided by 5.
3
Calculate the remainder when 129 is divided by 10.
9
What is the remainder when 4026 is divided by 79?
76
What is the remainder when 679 is divided by 172?
163
What is the remainder when 158 is divided by 22?
4
What is the remainder when 63 is divided by 19?
6
What is the remainder when 22 is divided by 12?
10
Calculate the remainder when 303 is divided by 176.
127
What is the remainder when 595 is divided by 46?
43
What is the remainder when 1386 is divided by 53?
8
Calculate the remainder when 2183 is divided by 28.
27
What is the remainder when 413 is divided by 57?
14
What is the remainder when 446 is divided by 22?
6
What is the remainder when 158 is divided by 33?
26
What is the remainder when 3794 is divided by 59?
18
What is the remainder when 151 is divided by 41?
28
Calculate the remainder when 917 is divided by 230.
227
Calculate the remainder when 6897 is divided by 15.
12
Calculate the remainder when 352 is divided by 36.
28
What is the remainder when 6917 is divided by 40?
37
What is the remainder when 841 is divided by 212?
205
What is the remainder when 555 is divided by 78?
9
Calculate the remainder when 912 is divided by 54.
48
What is the remainder when 2032 is divided by 18?
16
What is the remainder when 2919 is divided by 5?
4
What is the remainder when 338 is divided by 151?
36
What is the remainder when 459 is divided by 91?
4
What is the remainder when 786 is divided by 36?
30
Calculate the remainder when 14599 is divided by 10.
9
What is the remainder when 154 is divided by 16?
10
What is the remainder when 700 is divided by 130?
50
Calculate the remainder when 1967 is divided by 11.
9
Calculate the remainder when 17 is divided by 12.
5
Calculate the remainder when 615 is divided by 156.
147
What is the remainder when 1261 is divided by 300?
61
What is the remainder when 316 is divided by 27?
19
What is the remainder when 449 is divided by 120?
89
Calculate the remainder when 4582 is divided by 353.
3